	



	{"id":24,"date":"2022-11-15T08:44:47","date_gmt":"2022-11-15T07:44:47","guid":{"rendered":"https:\/\/kitbase.webs.fococonsultores.es\/?page_id=24"},"modified":"2023-07-06T12:19:59","modified_gmt":"2023-07-06T10:19:59","slug":"horario","status":"publish","type":"page","link":"https:\/\/globaliaconsultoria.es\/index.php\/horario\/","title":{"rendered":"Horario"},"content":{"rendered":"\n<div style=\"height:4vh\" aria-hidden=\"true\" class=\"wp-block-spacer\"><\/div>\n\n\n<div class=\"yoast-breadcrumbs\"><span><span><a href=\"https:\/\/globaliaconsultoria.es\/\">Portada<\/a> \u00bb <span class=\"breadcrumb_last\" aria-current=\"page\">Horario<\/span><\/span><\/span><\/div>\n\n\n<div class=\"wp-block-cover alignfull\" style=\"min-height:60vh\"><span aria-hidden=\"true\" class=\"wp-block-cover__background has-background-dim-60 has-background-dim\" style=\"background-color:#c21c48\"><\/span><img decoding=\"async\" loading=\"lazy\" width=\"1080\" height=\"720\" class=\"wp-block-cover__image-background wp-image-718\" alt=\"horario globalia Protecci\u00f3n de datos Adaptaci\u00f3n a RGPD y LOPDGDD\" src=\"https:\/\/globaliaconsultoria.es\/wp-content\/uploads\/sites\/17\/2023\/06\/horario-globalia.jpg\" data-object-fit=\"cover\" srcset=\"https:\/\/globaliaconsultoria.es\/wp-content\/uploads\/sites\/17\/2023\/06\/horario-globalia.jpg 1080w, https:\/\/globaliaconsultoria.es\/wp-content\/uploads\/sites\/17\/2023\/06\/horario-globalia-300x200.jpg 300w, https:\/\/globaliaconsultoria.es\/wp-content\/uploads\/sites\/17\/2023\/06\/horario-globalia-1024x683.jpg 1024w, https:\/\/globaliaconsultoria.es\/wp-content\/uploads\/sites\/17\/2023\/06\/horario-globalia-768x512.jpg 768w\" sizes=\"(max-width: 1080px) 100vw, 1080px\" \/><div class=\"wp-block-cover__inner-container\">\n<div class=\"is-layout-flex wp-container-7 wp-block-columns\">\n<div class=\"is-layout-flow wp-block-column\" style=\"flex-basis:25%\">\n<h1 class=\"has-text-align-center has-large-font-size\">Horario<\/h1>\n<\/div>\n\n\n\n<div class=\"is-layout-flow wp-block-column\" style=\"flex-basis:5%\">\n<figure class=\"wp-block-image size-full\"><img decoding=\"async\" loading=\"lazy\" width=\"500\" height=\"500\" src=\"https:\/\/globaliaconsultoria.es\/wp-content\/uploads\/sites\/17\/2022\/11\/horario.png\" alt=\"Horario\" class=\"wp-image-56\" srcset=\"https:\/\/globaliaconsultoria.es\/wp-content\/uploads\/sites\/17\/2022\/11\/horario.png 500w, https:\/\/globaliaconsultoria.es\/wp-content\/uploads\/sites\/17\/2022\/11\/horario-300x300.png 300w, https:\/\/globaliaconsultoria.es\/wp-content\/uploads\/sites\/17\/2022\/11\/horario-150x150.png 150w\" sizes=\"(max-width: 500px) 100vw, 500px\" \/><\/figure>\n<\/div>\n\n\n\n<div class=\"is-layout-flow wp-block-column\" style=\"flex-basis:15%\">\n<h2 class=\"has-text-color\" style=\"color:#f9f9f9\"><strong>Lunes a jueves:<\/strong><\/h2>\n\n\n\n<p class=\"has-text-color\" style=\"color:#cfcfcf\">Ma\u00f1anas de 8:30 a 14:00 h<\/p>\n\n\n\n<p class=\"has-text-color\" style=\"color:#cfcfcf\">Tardes de 16:30 a 19:00 h<\/p>\n<\/div>\n\n\n\n<div class=\"is-layout-flow wp-block-column\" style=\"flex-basis:15%\">\n<h2 class=\"has-text-color\" style=\"color:#f9f9f9\"><strong>Viernes:<\/strong><\/h2>\n\n\n\n<p class=\"has-text-color\" style=\"color:#cfcfcf\">Ma\u00f1anas de 8:00 a 15:00<\/p>\n<\/div>\n\n\n\n<div class=\"is-layout-flow wp-block-column\" style=\"flex-basis:15%\">\n<h2 class=\"has-text-color\" style=\"color:#f9f9f9\"><strong>S\u00e1bados, domingos y festivos:<\/strong><\/h2>\n\n\n\n<p class=\"has-text-color\" style=\"color:#cfcfcf\">Cerrado<\/p>\n<\/div>\n\n\n\n<div class=\"is-layout-flow wp-block-column\" style=\"flex-basis:25%\"><\/div>\n<\/div>\n<\/div><\/div>\n","protected":false},"excerpt":{"rendered":"","protected":false},"author":2,"featured_media":0,"parent":0,"menu_order":0,"comment_status":"closed","ping_status":"closed","template":"","meta":{"_mi_skip_tracking":false},"yoast_head":"<!-- This site is optimized with the Yoast SEO plugin v19.10 - https:\/\/yoast.com\/wordpress\/plugins\/seo\/ -->\n<title>Horario - globalia consultor\u00eda<\/title>\n<meta name=\"description\" content=\"Aqu\u00ed puede encontrar el horario en el que encontrar\u00e1 abierto y cerrado al p\u00fablico, nuestro establecimiento en su ubicaci\u00f3n.\" \/>\n<meta name=\"robots\" content=\"index, follow, max-snippet:-1, max-image-preview:large, max-video-preview:-1\" \/>\n<link rel=\"canonical\" href=\"https:\/\/globaliaconsultoria.es\/index.php\/horario\/\" \/>\n<meta property=\"og:locale\" content=\"es_ES\" \/>\n<meta property=\"og:type\" content=\"article\" \/>\n<meta property=\"og:title\" content=\"Horario - globalia consultor\u00eda\" \/>\n<meta property=\"og:description\" content=\"Aqu\u00ed puede encontrar el horario en el que encontrar\u00e1 abierto y cerrado al p\u00fablico, nuestro establecimiento en su ubicaci\u00f3n.\" \/>\n<meta property=\"og:url\" content=\"https:\/\/globaliaconsultoria.es\/index.php\/horario\/\" \/>\n<meta property=\"og:site_name\" content=\"globalia consultor\u00eda\" \/>\n<meta property=\"article:modified_time\" content=\"2023-07-06T10:19:59+00:00\" \/>\n<meta property=\"og:image\" content=\"https:\/\/globaliaconsultoria.es\/wp-content\/uploads\/sites\/17\/2023\/06\/horario-globalia.jpg\" \/>\n<meta name=\"twitter:card\" content=\"summary_large_image\" \/>\n<meta name=\"twitter:label1\" content=\"Tiempo de lectura\" \/>\n\t<meta name=\"twitter:data1\" content=\"1 minuto\" \/>\n<script type=\"application\/ld+json\" class=\"yoast-schema-graph\">{\"@context\":\"https:\/\/schema.org\",\"@graph\":[{\"@type\":\"WebPage\",\"@id\":\"https:\/\/globaliaconsultoria.es\/index.php\/horario\/\",\"url\":\"https:\/\/globaliaconsultoria.es\/index.php\/horario\/\",\"name\":\"Horario - globalia consultor\u00eda\",\"isPartOf\":{\"@id\":\"https:\/\/globaliaconsultoria.es\/#website\"},\"datePublished\":\"2022-11-15T07:44:47+00:00\",\"dateModified\":\"2023-07-06T10:19:59+00:00\",\"description\":\"Aqu\u00ed puede encontrar el horario en el que encontrar\u00e1 abierto y cerrado al p\u00fablico, nuestro establecimiento en su ubicaci\u00f3n.\",\"breadcrumb\":{\"@id\":\"https:\/\/globaliaconsultoria.es\/index.php\/horario\/#breadcrumb\"},\"inLanguage\":\"es\",\"potentialAction\":[{\"@type\":\"ReadAction\",\"target\":[\"https:\/\/globaliaconsultoria.es\/index.php\/horario\/\"]}]},{\"@type\":\"BreadcrumbList\",\"@id\":\"https:\/\/globaliaconsultoria.es\/index.php\/horario\/#breadcrumb\",\"itemListElement\":[{\"@type\":\"ListItem\",\"position\":1,\"name\":\"Portada\",\"item\":\"https:\/\/globaliaconsultoria.es\/\"},{\"@type\":\"ListItem\",\"position\":2,\"name\":\"Horario\"}]},{\"@type\":\"WebSite\",\"@id\":\"https:\/\/globaliaconsultoria.es\/#website\",\"url\":\"https:\/\/globaliaconsultoria.es\/\",\"name\":\"globalia consultor\u00eda\",\"description\":\"Protecci\u00f3n de datos\",\"publisher\":{\"@id\":\"https:\/\/globaliaconsultoria.es\/#organization\"},\"potentialAction\":[{\"@type\":\"SearchAction\",\"target\":{\"@type\":\"EntryPoint\",\"urlTemplate\":\"https:\/\/globaliaconsultoria.es\/?s={search_term_string}\"},\"query-input\":\"required name=search_term_string\"}],\"inLanguage\":\"es\"},{\"@type\":\"Organization\",\"@id\":\"https:\/\/globaliaconsultoria.es\/#organization\",\"name\":\"globalia consultor\u00eda\",\"url\":\"https:\/\/globaliaconsultoria.es\/\",\"logo\":{\"@type\":\"ImageObject\",\"inLanguage\":\"es\",\"@id\":\"https:\/\/globaliaconsultoria.es\/#\/schema\/logo\/image\/\",\"url\":\"https:\/\/globaliaconsultoria.es\/wp-content\/uploads\/sites\/17\/2023\/06\/logo_globalia.png\",\"contentUrl\":\"https:\/\/globaliaconsultoria.es\/wp-content\/uploads\/sites\/17\/2023\/06\/logo_globalia.png\",\"width\":750,\"height\":240,\"caption\":\"globalia consultor\u00eda\"},\"image\":{\"@id\":\"https:\/\/globaliaconsultoria.es\/#\/schema\/logo\/image\/\"}}]}<\/script>\n<!-- \/ Yoast SEO plugin. -->","yoast_head_json":{"title":"Horario - globalia consultor\u00eda","description":"Aqu\u00ed puede encontrar el horario en el que encontrar\u00e1 abierto y cerrado al p\u00fablico, nuestro establecimiento en su ubicaci\u00f3n.","robots":{"index":"index","follow":"follow","max-snippet":"max-snippet:-1","max-image-preview":"max-image-preview:large","max-video-preview":"max-video-preview:-1"},"canonical":"https:\/\/globaliaconsultoria.es\/index.php\/horario\/","og_locale":"es_ES","og_type":"article","og_title":"Horario - globalia consultor\u00eda","og_description":"Aqu\u00ed puede encontrar el horario en el que encontrar\u00e1 abierto y cerrado al p\u00fablico, nuestro establecimiento en su ubicaci\u00f3n.","og_url":"https:\/\/globaliaconsultoria.es\/index.php\/horario\/","og_site_name":"globalia consultor\u00eda","article_modified_time":"2023-07-06T10:19:59+00:00","og_image":[{"url":"https:\/\/globaliaconsultoria.es\/wp-content\/uploads\/sites\/17\/2023\/06\/horario-globalia.jpg"}],"twitter_card":"summary_large_image","twitter_misc":{"Tiempo de lectura":"1 minuto"},"schema":{"@context":"https:\/\/schema.org","@graph":[{"@type":"WebPage","@id":"https:\/\/globaliaconsultoria.es\/index.php\/horario\/","url":"https:\/\/globaliaconsultoria.es\/index.php\/horario\/","name":"Horario - globalia consultor\u00eda","isPartOf":{"@id":"https:\/\/globaliaconsultoria.es\/#website"},"datePublished":"2022-11-15T07:44:47+00:00","dateModified":"2023-07-06T10:19:59+00:00","description":"Aqu\u00ed puede encontrar el horario en el que encontrar\u00e1 abierto y cerrado al p\u00fablico, nuestro establecimiento en su ubicaci\u00f3n.","breadcrumb":{"@id":"https:\/\/globaliaconsultoria.es\/index.php\/horario\/#breadcrumb"},"inLanguage":"es","potentialAction":[{"@type":"ReadAction","target":["https:\/\/globaliaconsultoria.es\/index.php\/horario\/"]}]},{"@type":"BreadcrumbList","@id":"https:\/\/globaliaconsultoria.es\/index.php\/horario\/#breadcrumb","itemListElement":[{"@type":"ListItem","position":1,"name":"Portada","item":"https:\/\/globaliaconsultoria.es\/"},{"@type":"ListItem","position":2,"name":"Horario"}]},{"@type":"WebSite","@id":"https:\/\/globaliaconsultoria.es\/#website","url":"https:\/\/globaliaconsultoria.es\/","name":"globalia consultor\u00eda","description":"Protecci\u00f3n de datos","publisher":{"@id":"https:\/\/globaliaconsultoria.es\/#organization"},"potentialAction":[{"@type":"SearchAction","target":{"@type":"EntryPoint","urlTemplate":"https:\/\/globaliaconsultoria.es\/?s={search_term_string}"},"query-input":"required name=search_term_string"}],"inLanguage":"es"},{"@type":"Organization","@id":"https:\/\/globaliaconsultoria.es\/#organization","name":"globalia consultor\u00eda","url":"https:\/\/globaliaconsultoria.es\/","logo":{"@type":"ImageObject","inLanguage":"es","@id":"https:\/\/globaliaconsultoria.es\/#\/schema\/logo\/image\/","url":"https:\/\/globaliaconsultoria.es\/wp-content\/uploads\/sites\/17\/2023\/06\/logo_globalia.png","contentUrl":"https:\/\/globaliaconsultoria.es\/wp-content\/uploads\/sites\/17\/2023\/06\/logo_globalia.png","width":750,"height":240,"caption":"globalia consultor\u00eda"},"image":{"@id":"https:\/\/globaliaconsultoria.es\/#\/schema\/logo\/image\/"}}]}},"_links":{"self":[{"href":"https:\/\/globaliaconsultoria.es\/index.php\/wp-json\/wp\/v2\/pages\/24"}],"collection":[{"href":"https:\/\/globaliaconsultoria.es\/index.php\/wp-json\/wp\/v2\/pages"}],"about":[{"href":"https:\/\/globaliaconsultoria.es\/index.php\/wp-json\/wp\/v2\/types\/page"}],"author":[{"embeddable":true,"href":"https:\/\/globaliaconsultoria.es\/index.php\/wp-json\/wp\/v2\/users\/2"}],"replies":[{"embeddable":true,"href":"https:\/\/globaliaconsultoria.es\/index.php\/wp-json\/wp\/v2\/comments?post=24"}],"version-history":[{"count":19,"href":"https:\/\/globaliaconsultoria.es\/index.php\/wp-json\/wp\/v2\/pages\/24\/revisions"}],"predecessor-version":[{"id":767,"href":"https:\/\/globaliaconsultoria.es\/index.php\/wp-json\/wp\/v2\/pages\/24\/revisions\/767"}],"wp:attachment":[{"href":"https:\/\/globaliaconsultoria.es\/index.php\/wp-json\/wp\/v2\/media?parent=24"}],"curies":[{"name":"wp","href":"https:\/\/api.w.org\/{rel}","templated":true}]}}